30. Determine d(-6).
30
Let f(z) = -z**2 - 5*z - 10. Determine f(-4).
-6
Let t(x) = 4*x**3 + x**2 + x - 2. Determine t(1).
4
Let w(i) = i**2 - 11*i - 3. Determine w(8).
-27
Let k(j) = j**3 + j**2 - j - 7. Determine k(0).
-7
Let p(d) = -d**3 + 11*d**2 + 27*d - 12. Determine p(13).
1
Let f(q) = 3*q - 11. Give f(-8).
-35
Let n(z) = -z**2 + 8*z + 53. Determine n(-4).
5
Let n(z) = -z**3 - 10*z**2 + z + 4. Calculate n(-10).
-6
Let s(x) = -x**2 - 3*x + 2. Give s(-4).
-2
Let h(n) = -n**2 + 15*n + 77. Give h(-4).
1
Let y(s) = 12*s - 6. Calculate y(4).
42
Let s(a) = -a**2 + 2*a - 4. Calculate s(-7).
-67
Let f(c) = -4*c**2 + 29*c + 17. Determine f(8).
-7
Let k(d) = d**2 + 36*d - 84. Determine k(-38).
-8
Let n(k) = -k + 82. What is n(16)?
66
Let f(s) = -2*s - 2. What is f(1)?
-4
Let k(i) = i**3 + 11*i**2 + 12*i + 8. What is k(-10)?
-12
Let g(h) = h**2 + 14*h + 6. Determine g(-7).
-43
Let o(z) = z**3 + 5*z**2 - 3*z + 4. Determine o(-4).
32
Let z(s) = s**3 + 4*s**2 - 6*s + 8. What is z(-6)?
-28
Let t(m) = -m + 1. Give t(5).
-4
Let k(u) = u**3 - 8*u**2 - 22*u - 20. Calculate k(10).
-40
Let p(n) = n**3 + 13*n**2 + 1. What is p(-13)?
1
Let o(i) = 9*i + 21. Determine o(5).
66
Let w(j) = -2*j**3 + 29*j**2 - 19*j + 36. Calculate w(14).
-34
Let c(x) = x**3 + 2*x**2 + 12. Calculate c(0).
12
Let v(n) = n**2 - 13*n - 6. Calculate v(14).
8
Let g(m) = m**2 - 4*m - 5. Calculate g(5).
0
Let c(t) = 2*t**2 + 19*t + 34. What is c(-2)?
4
Let r(k) = k + 9. Calculate r(-4).
5
Let p(g) = -g + 3. What is p(-1)?
4
Let c(o) = 2*o**3 - 3*o**2 + 2*o - 3. Calculate c(2).
5
Let z(b) = -b**3 + 3*b**2 + 13*b - 2. Calculate z(5).
13
Let q(h) = -6*h + 37. What is q(7)?
-5
Let v(w) = -130*w**2 - 390*w + 2. Determine v(-3).
2
Let b(j) = j**3 + 2*j**2 - j + 2. Give b(2).
16
Let r(l) = l**3 + 16*l**2 - 37*l - 16. What is r(-18)?
2
Let f(y) = y**3 - 7*y**2 + 6*y + 7. What is f(5)?
-13
Let c(l) = -16*l**2 - 111*l - 3. Determine c(-7).
-10
Let c(o) = 16*o**2 + 13*o - 3. Determine c(-1).
0
Let q(g) = g + 7. Give q(-5).
2
Let n(j) = j**2 - 8*j - 310. What is n(22)?
-2
Let g(i) = -56*i + 3. Calculate g(3).
-165
Let q(s) = -s - 8. Give q(-11).
3
Let t(g) = g**3 + 15*g**2 + 16*g + 18. What is t(-14)?
-10
Let i(q) = -2*q + 47. Calculate i(21).
5
Let w(k) = -2*k - 25. What is w(-17)?
9
Let b(d) = -d + 1. What is b(4)?
-3
Let v(w) = 19*w + 94. Calculate v(-5).
-1
Let d(b) = b**3 - 19*b**2 - b + 41. Give d(19).
22
Let m(l) = l + 3. Determine m(8).
11
Let x(i) = i**2 + 9*i + 12. Give x(-8).
4
Let l(b) = b**3 + 8*b**2 + 12. Calculate l(-8).
12
Let t(k) = k**2 - 10*k + 1. Determine t(9).
-8
Let i(q) = -q**3 - 2*q**2 + 5*q + 2. Determine i(-3).
-4
Let u(n) = -n**2 - 29*n + 23. What is u(-30)?
-7
Let y(n) = 6*n**2 + 97*n + 31. Give y(-16).
15
Let o(k) = -k**2 + k + 38. Determine o(-6).
-4
Let u(b) = 13*b + 5. Calculate u(7).
96
Let u(b) = -2*b + 33. Calculate u(19).
-5
Let p(j) = -7*j - 20. What is p(-4)?
8
Let p(z) = -2*z - 17. What is p(-7)?
-3
Let j(z) = 6*z - 26. Give j(7).
16
Let x(l) = l**2 - 8*l - 13. What is x(9)?
-4
Let i(n) = n**3 + 8*n**2 + 8*n + 12. Determine i(-7).
5
Let x(h) = 2*h**2 - 15*h + 32. Determine x(3).
5
Let l(q) = q + 9. Calculate l(-5).
4
Let y(h) = -h + 9. Give y(-8).
17
Let l(t) = 2*t**2 + 16*t - 12. Determine l(-10).
28
Let r(w) = w + 22. Calculate r(-15).
7
Let q(r) = r**2 + 52*r + 268. Give q(-46).
-8
Let n(f) = f - 18. Give n(0).
-18
Let p(b) = -b + 29. Give p(25).
4
Let l(t) = -2*t**2 - 8*t + 1. Calculate l(-6).
-23
Let f(h) = -3*h - 28. Give f(-10).
2
Let h(v) = 2*v**2 + 22*v + 6. Give h(-9).
-30
Let x(k) = -2*k - 30. Give x(-15).
0
Let g(t) = 5*t**2 - 4. What is g(3)?
41
Let a(s) = -s**3 - s**2 - 2*s + 20. What is a(0)?
20
Let s(g) = -26*g - 250. Give s(-9).
-16
Let g(u) = -13*u - 14. What is g(3)?
-53
Let y(f) = f**2 - 28*f + 50. Determine y(26).
-2
Let b(q) = q**3 - 6*q**2 - q - 4. Calculate b(5).
-34
Let d(q) = -q**2 - q + 3. What is d(4)?
-17
Let b(m) = -m**2 + 23. Determine b(0).
23
Let p(q) = -2*q**2 - 3*q - 2. Determine p(3).
-29
Let y(r) = r**2 - 312*r - 1590. Calculate y(-5).
-5
Let h(o) = o**3 + 14*o**2 - 48*o + 34. What is h(-17)?
-17
Let a(j) = -j**2 - 13*j + 114. Determine a(-19).
0
Let b(m) = 5*m**2 + 7*m + 3. Calculate b(-1).
1
Let s(j) = j**3 - 9*j**2 - 3*j - 59. Determine s(10).
11
Let j(k) = -k**2 - 5*k + 6. Give j(-5).
6
Let p(t) = t**2 + 15*t - 7. Determine p(0).
-7
Let m(l) = -l**3 + 14*l**2 - 11*l - 20. Determine m(14).
-174
Let u(k) = 16*k**3 - 2*k**2 - 5*k - 3. Calculate u(-1).
-16
Let c(x) = x**2 - x - 2. What is c(-4)?
18
Let q(y) = y - 26. Calculate q(13).
-13
Let w(y) = y - 9. Give w(16).
7
Let o(y) = y**3 - 10*y**2 - 2*y + 21. Calculate o(10).
1
Let v(s) = -s**2 - 2*s + 1. Calculate v(3).
-14
Let x(p) = 22*p + 8. Give x(-5).
-102
Let k(h) = h**2 + h - 23. Calculate k(5).
7
Let b(i) = 5*i - 7. What is b(-6)?
-37
Let j(n) = 54*n + 1243. What is j(-23)?
1
Let n(h) = -7*h + 80. Give n(-13).
171
Let p(z) = 21*z + 41. Calculate p(4).
125
Let r(v) = 3*v**3 - 2*v**2 - 2*v + 1. Give r(2).
13
Let i(r) = -r**2 - 9*r - 12. Calculate i(-7).
2
Let g(h) = 3*h**3 + 3*h**2 + 2*h - 3. What is g(1)?
5
Let t(p) = p**3 + 21*p**2 + 51*p - 1. Give t(-18).
53
Let g(m) = 8*m + 59. Calculate g(-9).
-13
Let u(c) = c**2 - 4*c + 1. Determine u(7).
22
Let o(u) = -u**3 - 4*u**2 - 7*u - 10. What is o(-3)?
2
Let n(k) = -k**3 + 6*k**2 - 6*k + 6. Calculate n(4).
14
Let d(i) = -i - 7. Calculate d(3).
-10
Let h(z) = z**3 + 10*z**2 - 23. Calculate h(-10).
-23
Let j(v) = -67*v + 266. Give j(4).
-2
Let r(q) = 3*q**3 - 7*q**2 + q + 2. Give r(2).
0
Let z(r) = r**3 + 5*r**2 - 6*r - 7. Determine z(-6).
-7
Let l(o) = -33*o - 125. Give l(-4).
7
Let l(k) = 14*k - 1. Determine l(1).
13
Let j(y) = 7*y - 23. Give j(3).
-2
Let s(g) = -50*g**3 + g**2 + g. What is s(-1)?
50
Let m(u) = u**2 - u - 5. What is m(5)?
15
Let j(q) = 2*q**2 - 6*q - 9. Calculate j(4).
-1
Let y(l) = 32*l + 41. Determine y(0).
41
Let f(v) = -v + 21. What is f(14)?
7
Let m(k) = -k**2 + 10*k - 10. Determine m(5).
15
Let k(m) = -m**3 - 6*m**2 + 9*m + 4. Determine k(-7).
-10
Let s(i) = -111*i + 656. Calculate s(6).
-10
Let j(z) = -z**3 + 7*z**2 - 14*z - 2. What is j(3)?
-8
Let b(z) = -z**3 + 4*z**2 - z - 4. Determine b(2).
2
Let k(p) = p**3 + 6*p**2 - p - 5. What is k(-6)?
1
Let m(v) = -v**2 + 18*v - 21. Give m(8).
59
Let b(f) = 5*f**2 - 2*f - 4. Give b(-3).
47
Let y(k) = -k**3 + 5*k**2 + 4. Determine y(5).
4
Let x(n) = n**3 + 4*n**2 - 6*n - 7. What is x(-5)?
-2
Let a(t) = t**3 + 12*t**2 + 13*t + 7. Calculate a(-11).
-15
Let n(v) = v**2 + 7*v + 1. Give n(-5).
-9
Let w(z) = z**3 + 20*z**2 + 20*z. Calculate w(-19).
-19
Let k(s) = -20*s - 6. What is k(1)?
-26
Let x(j) = -j**3 - 26*j**2 + 29*j + 37. Determine x(-27).
-17
Let t(x) = -x**3 + 15*x**2 + 17*x + 23. Calculate t(16).
39
Let l(i) = 9*i + 27. Calculate l(-3).
0
Let w(c) = -c**2 - c + 20. Give w(4).
0
Let d(f) = -2*f**2 + 10*f - 13. Determine d(6).
-25
Let w(q) = 7*q + 81. Calculate w(-12).
-3
Let x(s) = 4*s**3 + 133*s**2 + 33*s - 8. Determine x(-33).
-8
Let u(v) = 7*v + 7. What is u(4)?
35
Let n(k) = k**3 - 3*k**2 - 5*k + 11. Calculate n(4).
7
Let b(s) = -s**2 + 6*s - 14. Calculate b(7).
-21
Let g(x) = -10*x - 5. Calculate g(-1).
5
Let o(h) = h**3 - 12*h**2 + 11*h - 8. What is o(11)?
-8
Let o(x) = -2*x**2 - 4*x - 10. What is o(-7)?
-80
Let w(n) = -n**2 - 44. Determine w(0).
-44
Let w(y) = y + 3. Give w(-5).
-2
Let k(b) = 6*b - 54. Calculate k(8).
-6
Let n(d) = -2*d - 37. Calculate n(-19).
1
Let a(b) = -3*b**3 - b**2 - 4*b - 6. Give a(-3).
78
Let o(f) = 3*f - 27. Determine o(16).
21
Let r(q) = -2*q - 19. What is r(-14)?
9
Let g(u) = 2*u**3 + 5*u**2 - 3*u + 2. Give g(-3).
2
Let b(n) = -14*n**3 + 2*n**2 - n. What is b(1)?
-13
Let r(q) = q**3 - 7*q**2 + 2*q + 1. What is r(6)?
-23
Let n(s) = -21*s - 1. Determine n(1).
-22
Let v(o) = -3*o - 31. Calculate v(-8).
-7
Let b(k) = 4*k + 4. Calculate b(-2).
-4
Let t(a) = a**2 - 1. What is t(2)?
3
Let l(h) = -h**3 + 14*h**2 + 57*h + 9. Determine l(-3).
-9
Let y(w) = 14*w**2 + 72*w + 3. Calculate y(-5).
-7
Let s(f) = f**2 + 7*f + 15. Determine s(-4).
3
Let v(a) = -13*a + 4. Calculate v(5).
-61
Let d(z) = -13*z**3 - 2*z - 1. Determine d(-1).
14
Let t(p) = 3*p + 149. Determine t(-51).
-4
Let u(l) = l**3 - 7*l**2 - 6*l - 30. Determine u(7